09
List the prime factors of 2049998386.
2, 1024999193
What are the prime factors of 33067361?
41, 806521
What are the prime factors of 143853510?
2, 3, 5, 1979, 2423
List the prime factors of 4423154207.
4423154207
List the prime factors of 1158061748.
2, 289515437
List the prime factors of 23128994.
2, 7, 479, 3449
List the prime factors of 33141903.
3, 11047301
What are the prime factors of 25231641?
3, 1061, 7927
What are the prime factors of 3037420788?
2, 3, 19, 701159
List the prime factors of 50772242.
2, 71, 357551
List the prime factors of 86038478.
2, 4951, 8689
What are the prime factors of 3274885434?
2, 3, 79, 6909041
What are the prime factors of 1486366915?
5, 11, 773, 34961
List the prime factors of 599912148.
2, 3, 11, 2063, 2203
What are the prime factors of 1615322842?
2, 7, 115380203
List the prime factors of 57866277.
3, 7, 1427, 1931
List the prime factors of 56129200.
2, 5, 23, 6101
List the prime factors of 494198284.
2, 19, 6502609
List the prime factors of 49294185.
3, 5, 31, 227, 467
What are the prime factors of 125288262?
2, 3, 11, 210923
List the prime factors of 146623304.
2, 19, 29, 31, 37
List the prime factors of 244794602.
2, 13, 607, 15511
What are the prime factors of 52687868?
2, 1213, 10859
What are the prime factors of 62627149?
13, 109, 193, 229
List the prime factors of 433220907.
3, 7, 83, 35507
List the prime factors of 88220043.
3, 3267409
List the prime factors of 24584055.
3, 5, 47, 34871
List the prime factors of 176051940.
2, 3, 5, 733, 4003
What are the prime factors of 450182107?
127, 3544741
What are the prime factors of 102686203?
19, 5404537
What are the prime factors of 1352185098?
2, 3, 11, 2063, 9931
List the prime factors of 80254913.
80254913
What are the prime factors of 909323013?
3, 17, 17829863
What are the prime factors of 1841482610?
2, 5, 11, 41, 408311
List the prime factors of 1354072007.
59, 1181, 19433
What are the prime factors of 31161803?
23, 58907
What are the prime factors of 238599021?
3, 83, 433, 2213
What are the prime factors of 337932584?
2, 11, 479, 8017
What are the prime factors of 36139037?
11, 3285367
What are the prime factors of 25941566?
2, 7, 1852969
List the prime factors of 1192161062.
2, 1163, 512537
What are the prime factors of 2415447444?
2, 3, 201287287
What are the prime factors of 2013174?
2, 3, 17, 43
What are the prime factors of 63326014?
2, 43, 47, 15667
List the prime factors of 8042496.
2, 3, 7, 11, 17
What are the prime factors of 878536249?
31, 28339879
What are the prime factors of 1016934858?
2, 3, 223, 84449
List the prime factors of 1167340365.
3, 5, 3167, 8191
What are the prime factors of 460744863?
3, 17, 67, 134839
List the prime factors of 347344549.
67, 5184247
List the prime factors of 34866889.
83, 479, 877
List the prime factors of 222388181.
113, 439, 4483
List the prime factors of 51463266.
2, 3, 1051, 8161
What are the prime factors of 48925582?
2, 1741, 14051
What are the prime factors of 417152397?
3, 139050799
What are the prime factors of 20805729?
3, 7, 37, 26777
List the prime factors of 2451335829.
3, 191, 4278073
List the prime factors of 2148770578.
2, 97, 11076137
List the prime factors of 65437371.
3, 7270819
What are the prime factors of 130519591?
17, 7677623
List the prime factors of 132907126.
2, 11, 549203
What are the prime factors of 1112946607?
1112946607
List the prime factors of 3880985284.
2, 11, 17, 79, 65677
What are the prime factors of 38900885?
5, 19, 409483
List the prime factors of 256573376.
2, 47, 85297
What are the prime factors of 3799423507?
11, 345402137
What are the prime factors of 105836225?
5, 11, 23, 29, 577
List the prime factors of 43815419.
353, 124123
List the prime factors of 17294125.
5, 31, 4463
List the prime factors of 18212360.
2, 5, 455309
List the prime factors of 4241329.
4241329
List the prime factors of 60329203.
11, 37, 148229
What are the prime factors of 33090050?
2, 5, 7, 94543
What are the prime factors of 2405928975?
3, 5, 32079053
List the prime factors of 911127921.
3, 11, 1091, 25307
List the prime factors of 1276819.
17, 19, 59, 67
What are the prime factors of 943262826?
2, 3, 11, 1361, 10501
List the prime factors of 32658634.
2, 16329317
List the prime factors of 177782883.
3, 59260961
What are the prime factors of 515228291?
515228291
List the prime factors of 154355040.
2, 3, 5, 7, 15313
What are the prime factors of 168316195?
5, 33663239
What are the prime factors of 161069956?
2, 40267489
List the prime factors of 264072319.
7, 5389231
List the prime factors of 656077196.
2, 164019299
What are the prime factors of 427039813?
17, 25119989
What are the prime factors of 1776810148?
2, 17, 401, 3833
What are the prime factors of 6244017627?
3, 137, 199, 76343
What are the prime factors of 17714284?
2, 7, 90379
What are the prime factors of 346985185?
5, 2719, 25523
List the prime factors of 251627892.
2, 3, 1847, 11353
List the prime factors of 197718894.
2, 3, 73, 5573
List the prime factors of 949957472.
2, 97, 463, 661
What are the prime factors of 142783474?
2, 73, 173, 5653
What are the prime factors of 112996028?
2, 3967, 7121
List the prime factors of 30909221.
7, 47, 93949
List the prime factors of 1179700869.
3, 929, 423287
What are the prime factors of 158020903?
10513, 15031
List the prime factors of 397000651.
2383, 166597
List the prime factors of 1377331005.
3, 5, 47, 947, 2063
What are the prime factors of 1757021913?
3, 41, 761, 6257
What are the prime factors of 52747443?
3, 7, 41, 2269
What are the prime factors of 2450446258?
2, 13, 7249841
List the prime factors of 61548613.
7, 179, 49121
What are the prime factors of 39285881?
2393, 16417
List the prime factors of 340050904.
2, 19, 31, 72167
List the prime factors of 104047863.
3, 34682621
What are the prime factors of 138726712?
2, 17340839
What are the prime factors of 29406864?
2, 3, 612643
List the prime factors of 60013774.
2, 17, 103, 17137
List the prime factors of 88200437.
13, 17, 399097
List the prime factors of 3240640294.
2, 151, 1559, 6883
What are the prime factors of 343730084?
2, 2339, 36739
List the prime factors of 3767265555.
3, 5, 1429, 175753
What are the prime factors of 84299236?
2, 7, 691, 4357
List the prime factors of 318023404.
2, 191, 197, 2113
What are the prime factors of 699740524?
2, 7, 101, 247433
What are the prime factors of 168862491?
3, 7, 2680357
List the prime factors of 40274521.
7, 59, 13931
What are the prime factors of 171138150?
2, 3, 5, 17, 7457
What are the prime factors of 236486217?
3, 11, 19, 377171
List the prime factors of 2129944648.
2, 13, 449, 45613
What are the prime factors of 76692668?
2, 13, 1474859
List the prime factors of 24137395.
5, 61, 79139
What are the prime factors of 75630246?
2, 3, 17, 741473
What are the prime factors of 324735832?
2, 40591979
What are the prime factors of 250737034?
2, 19, 6598343
List the prime factors of 574258229.
31, 18524459
List the prime factors of 28383703.
28383703
List the prime factors of 30753828.
2, 3, 7, 122039
List the prime factors of 666925807.
241, 2767327
List the prime factors of 1299882103.
13, 3709, 26959
List the prime factors of 487602689.
7, 31, 293, 7669
What are the prime factors of 680219119?
53, 257, 49939
What are the prime factors of 240500725?
5, 113, 85133
What are the prime factors of 56050190?
2, 5, 7, 17, 19, 37, 67
List the prime factors of 7377593692.
2, 7, 263485489
What are the prime factors of 99497063?
6679, 14897
List the prime factors of 62450514.
2, 3, 7, 29, 211
What are the prime factors of 800954575?
5, 17, 1884599
List the prime factors of 84597160.
2, 5, 557, 3797
List the prime factors of 92362542.
2, 3, 15393757
What are the prime factors of 957918687?
3, 11, 19, 79, 83, 233
List the prime factors of 37151454.
2, 3, 31, 199739
List the prime factors of 3678080123.
937, 3925379
List the prime factors of 12861914.
2, 13, 38053
List the prime factors of 692563931.
692563931
List the prime factors of 50909600.
2, 5, 7, 9091
What are the prime factors of 47347499?
17, 449, 6203
List the prime factors of 573495011.
573495011
What are the prime factors of 56823283?
11, 5165753
List the prime factors of 42889862.
2, 21444931
List the prime factors of